 2503532?
2
What is the tens digit of 1627192?
9
What is the hundreds digit of 243506?
5
What is the hundreds digit of 269838?
8
What is the hundred thousands digit of 4348039?
3
What is the hundreds digit of 427914?
9
What is the tens digit of 359252?
5
What is the thousands digit of 6198247?
8
What is the thousands digit of 1757896?
7
What is the ten thousands digit of 38387273?
8
What is the hundred thousands digit of 884421?
8
What is the thousands digit of 205014?
5
What is the tens digit of 8803097?
9
What is the ten thousands digit of 116464?
1
What is the tens digit of 2563311?
1
What is the units digit of 490198?
8
What is the ten millions digit of 12575965?
1
What is the units digit of 79521?
1
What is the thousands digit of 5138222?
8
What is the hundred thousands digit of 1568788?
5
What is the hundreds digit of 23707?
7
What is the tens digit of 356299?
9
What is the millions digit of 4383598?
4
What is the ten thousands digit of 34181079?
8
What is the units digit of 173775?
5
What is the tens digit of 10230746?
4
What is the thousands digit of 3325355?
5
What is the hundreds digit of 4421313?
3
What is the millions digit of 4906258?
4
What is the thousands digit of 54584?
4
What is the hundreds digit of 6391348?
3
What is the hundreds digit of 648587?
5
What is the units digit of 10690881?
1
What is the hundreds digit of 1406022?
0
What is the hundreds digit of 126776?
7
What is the units digit of 10783496?
6
What is the units digit of 5249160?
0
What is the tens digit of 49079?
7
What is the hundred thousands digit of 10496690?
4
What is the hundred thousands digit of 4278381?
2
What is the tens digit of 1039?
3
What is the hundreds digit of 106446?
4
What is the hundreds digit of 1840141?
1
What is the hundred thousands digit of 6668701?
6
What is the units digit of 30352?
2
What is the tens digit of 9444222?
2
What is the tens digit of 2363?
6
What is the thousands digit of 9622280?
2
What is the ten thousands digit of 45282177?
8
What is the ten thousands digit of 677433?
7
What is the thousands digit of 78784?
8
What is the hundreds digit of 714037?
0
What is the units digit of 845803?
3
What is the units digit of 203289?
9
What is the tens digit of 400835?
3
What is the tens digit of 408190?
9
What is the ten thousands digit of 25187674?
8
What is the hundreds digit of 10980737?
7
What is the thousands digit of 877092?
7
What is the tens digit of 11298298?
9
What is the tens digit of 15577200?
0
What is the ten millions digit of 35601145?
3
What is the hundred thousands digit of 26562443?
5
What is the units digit of 5323230?
0
What is the ten thousands digit of 37590?
3
What is the tens digit of 225739?
3
What is the millions digit of 1714071?
1
What is the hundred thousands digit of 25330252?
3
What is the hundreds digit of 121267?
2
What is the tens digit of 4070782?
8
What is the units digit of 325227?
7
What is the ten thousands digit of 3279455?
7
What is the units digit of 95617?
7
What is the thousands digit of 3559342?
9
What is the thousands digit of 65138?
5
What is the hundreds digit of 295253?
2
What is the hundreds digit of 18093?
0
What is the tens digit of 597393?
9
What is the units digit of 429938?
8
What is the hundreds digit of 472624?
6
What is the hundreds digit of 42350?
3
What is the hundred thousands digit of 1619961?
6
What is the tens digit of 1826851?
5
What is the ten thousands digit of 14313484?
1
What is the ten millions digit of 43076980?
4
What is the millions digit of 5438960?
5
What is the millions digit of 1290484?
1
What is the millions digit of 2149869?
2
What is the ten thousands digit of 15219892?
1
What is the units digit of 1524882?
2
What is the tens digit of 300882?
8
What is the ten thousands digit of 6007694?
0
What is the hundreds digit of 1051502?
5
What is the thousands digit of 893529?
3
What is the hundred thousands digit of 4382056?
3
What is the hundred thousands digit of 17101195?
1
What is the hundreds digit of 29441898?
8
What is the tens digit of 219999?
9
What is the hundred thousands digit of 367867?
3
What is the ten thousands digit of 631358?
3
What is the millions digit of 7705539?
7
What is the ten thousands digit of 3024487?
2
What is the units digit of 3813882?
2
What is the hundreds digit of 2103386?
3
What is the units digit of 759727?
7
What is the hundred thousands digit of 553324?
5
What is the ten thousands digit of 2211436?
1
What is the tens digit of 536893?
9
What is the ten thousands digit of 503632?
0
What is the thousands digit of 194353?
4
What is the tens digit of 8299855?
5
What is the tens digit of 74896?
9
What is the ten thousands digit of 20939?
2
What is the thousands digit of 166694?
6
What is the units digit of 1390491?
1
What is the hundreds digit of 6775098?
0
What is the hundreds digit of 426918?
9
What is the units digit of 3242726?
6
What is the hundred thousands digit of 1070043?
0
What is the ten millions digit of 11035174?
1
What is the ten thousands digit of 209288?
0
What is the units digit of 1142569?
9
What is the hundred thousands digit of 2215038?
2
What is the tens digit of 94586?
8
What is the units digit of 208740?
0
What is the hundred thousands digit of 871622?
8
What is the hundreds digit of 668227?
2
What is the hundred thousands digit of 13016240?
0
What is the hundreds digit of 6578892?
8
What is the ten thousands digit of 4099322?
9
What is the hundreds digit of 86007?
0
What is the units digit of 226273?
3
What is the hundreds digit of 562838?
8
What is the ten thousands digit of 69275?
6
What is the hundreds digit of 1293015?
0
What is the thousands digit of 7661791?
1
What is the units digit of 1707051?
1
What is the hundred thousands digit of 518725?
5
What is the millions digit of 3636426?
3
What is the units digit of 84801?
1
What is the ten thousands digit of 4943128?
4
What is the units digit of 306630?
0
What is the thousands digit of 368954?
8
What is the thousands digit of 434918?
4
What is the hundreds digit of 8429655?
6
What is the tens digit of 14563491?
9
What is the hundred thousands digit of 563619?
5
What is the ten millions digit of 15474531?
1
What is the ten thousands digit of 276209?
7
What is the ten thousands digit of 1363778?
6
What is the millions digit of 6383548?
6
What is the millions digit of 1607115?
1
What is the tens digit of 58049?
4
What is the tens digit of 19257670?
7
What is the hundred thousands digit of 8759699?
7
What is the hundreds digit of 38890791?
7
What is the hundred thousands digit of 4200629?
2
What is the ten millions digit of 11676300?
1
What is the thousands digit of 11844554?
4
What is the hundreds digit of 192770?
7
What is the tens digit of 1482485?
8
What is the hundreds digit of 1240795?
7
What is the ten thousands digit of 148424?
4
What is the ten thousands digit of 12137504?
3
What is the hundreds digit of 4362895?
8
What is the tens digit of 585071?
7
What is the thousands digit of 22292504?
2
What is the thousands digit of 22154?
2
What is the hundred thousands digit of 493716?
4
What is the ten thousands digit of 248516?
4
What is the ten thousands digit of 270144?
7
What is the tens digit of 2094498?
9
What is the ten thousands digit of 181791?
8
What is the hundreds digit of 11135248?
2
What is the hundreds digit of 6282137?
1
What is the hundreds digit of 3133306?
3
What is the hundreds digit of 132223?
2
What is the tens digit of 455940?
4
What is the hundreds digit of 69633?
6
What is the millions digit of 12354696?
2
What is the tens digit of 22013955?
5
What is the tens digit of 2422351?
5
What is the millions digit of 1291028?
1
What is the ten thousands digit of 9560632?
6
What is the hundred thousands digit of 650341?
6
What is the units digit of 744409?
9
What is the hundred thousands digit of 598504?
5
What is the millions digit of 1571127?
1
What is the ten thousands digit of 146981?
4
What is the millions digit of 5524618?
5
What is the ten thousands digit of 282067?
8
What is the tens digit of 184484?
8
What is the hundred thousands digit of 854222?
8
What is the thousands digit of 778833?
8
What is the hundreds digit of 5420088?
0
What is the thousands digit of 455439?
5
What is the thousands digit of 439511?
9
What is the tens d